 What are the prime factors of p?
5, 101
Let w be (-2)/(-4) + (-105)/(-6). Let d(p) = -w + 4 + p**2 - 9 + 8*p. List the prime factors of d(-16).
3, 5, 7
Suppose -2*a + 8*p + 2422 = 0, 5*a + p - 4*p - 6004 = 0. What are the prime factors of a?
11, 109
Let y(i) = -i**3 + 4*i**2 + 11*i + 11. Let j be y(6). Suppose n - 5*f = 780, -j*n + 4*f + 1723 = -2177. List the prime factors of n.
2, 3, 5, 13
Let q be -5*5*4/10 - 2. What are the prime factors of -3 + (-30)/9*1098/q?
2, 151
Let s = 148 - -68. Suppose -u + 418 = 3*y, -5*y + 910 - s = u. Suppose 2*c + 187 + 371 = 4*q, y = q + c. List the prime factors of q.
139
Let o = -497 - -506. Suppose 4*u = -o*g + 8*g + 518, 4*u - 1546 = -3*g. List the prime factors of g.
2, 257
Let b be ((-2)/(-3))/((-14)/(-18081)). Let p = -359 + b. List the prime factors of p.
2, 251
Let s = 97085 - 60008. What are the prime factors of s?
3, 17, 727
Suppose -12*s = -7*s + 375. Let a = 302 - s. List the prime factors of a.
13, 29
Suppose -3*j + 5128 = -2*r, 9803 - 1235 = 5*j + 2*r. List the prime factors of j.
2, 107
Let a be (-1)/(7/4)*(-7)/2. Suppose 2*n - 2*j - 2*j = -200, a*n + j = -210. Let x = -21 - n. List the prime factors of x.
83
Let v(w) = w + 4. Let c be v(22). Let k = c + -23. Suppose 2*g + 0*l = l + 297, 423 = 3*g + k*l. What are the prime factors of g?
2, 73
What are the prime factors of ((678440/(-21))/(-8))/(-1 - (-138)/108)?
2, 3, 2423
Let x(f) be the first derivative of -f**4/4 - 14*f**3/3 - 15*f**2/2 - 49*f - 82. What are the prime factors of x(-14)?
7, 23
Let m(o) be the second derivative of -o**4/12 + 4*o**3 - 25*o**2 - o + 19. Let j(g) = 2*g**2 + 2*g - 1. Let r be j(-3). List the prime factors of m(r).
3, 31
Let q(y) = 31*y + 761. Let p be q(-22). Let z(t) = -t - 9. Let s be z(0). Let f = p + s. What are the prime factors of f?
2, 5, 7
What are the prime factors of (-2 + 206)/(72/180)?
2, 3, 5, 17
Let y(n) = -7*n + 154. Let w = 100 - 98. Let m(c) = -4*c + 77. Let g(i) = w*y(i) - 5*m(i). What are the prime factors of g(27)?
5, 17
What are the prime factors of (19641 + 0)*(-16 - 672/(-36))?
2, 6547
Let x(p) = 16*p**3 - 30*p**2 + 225*p + 13. What are the prime factors of x(10)?
15263
Let o be (-16 + 140)*(-1 + 33/4). Let a = o + -621. List the prime factors of a.
2, 139
Suppose 0*h + b = -2*h + 22724, -2*h + 2*b = -22718. List the prime factors of h.
3, 7, 541
Let d = 146 - 144. Suppose 5*o - d*o = -6. What are the prime factors of o/(-5) - ((-3684)/15 + 0)?
2, 3, 41
What are the prime factors of (-285711)/(-10) + 29/(-290)?
28571
Let y = 75 - 70. Suppose -m + 1495 = y*f, 9*f - 5*f + 5*m = 1196. What are the prime factors of f?
13, 23
Let u = -1312 + 20063. What are the prime factors of u?
17, 1103
Suppose z + 8 = -f + 5, 5*z - 2*f = 20. Suppose 5*a - 797 = 2*a + c, 3*a = -z*c + 809. What are the prime factors of a?
3, 89
Let s = 1137 - -5110. What are the prime factors of s?
6247
Let c = 7 + -2. Let y = -3 - -3. Suppose -5*b + c*f + 130 = y, 0 = -0*f + 4*f - 20. What are the prime factors of b?
31
Suppose 68*r + 154*r - 4774668 = 16*r. List the prime factors of r.
2, 3, 3863
Let q = -23997 + 51995. What are the prime factors of q?
2, 13999
Let x(k) = -2*k**3 + 17*k**2 + 13*k - 49. Let t be x(9). Let h(p) = 11*p**2 + 49*p + 55. What are the prime factors of h(t)?
1277
Let l(b) be the third derivative of 7*b**4/24 + 27*b**3 + 180*b**2. List the prime factors of l(-5).
127
Suppose 2*z = 8 - 4. Suppose z*s - 709 = -3*l, -4*s + 3*s + 335 = -5*l. Suppose 3*c + 2*c - s = 0. List the prime factors of c.
2, 5, 7
Let p(c) = 1007*c - 108. List the prime factors of p(2).
2, 953
Let q be (5 - 4) + 5 - 4*1. Let h be (-5 - -4)*(q + 0). What are the prime factors of 868/8 + 1/h?
2, 3
Let n = -5524 + 16177. What are the prime factors of n?
3, 53, 67
Suppose 36 = v + s - 941, 0 = 5*v - 3*s - 4901. Let t = v + -517. What are the prime factors of t?
2, 3, 7, 11
Let k = 112 + -192. What are the prime factors of (k/(-7) - 2)*(30 - -12)?
2, 3, 11
Let g be -1*10*(-8)/(-20). Let t(u) = -4*u**3 + 3*u**3 + 2*u**3 - 480*u**2 + 2 + 484*u**2. What are the prime factors of t(g)?
2
Suppose -3*a - 6 + 30 = 0. Suppose -2*w + 0*w = -a. Suppose w*k - 378 = -2*k. What are the prime factors of k?
3, 7
Suppose 590*x + 96642 = 595*x - 4*h, 2*x = -2*h + 38664. List the prime factors of x.
2, 5, 1933
List the prime factors of 57181/8 + 6/(-5)*500/(-1600).
2, 1787
Let v = 322 - -276. Let g = v + 112. List the prime factors of g.
2, 5, 71
Suppose 12582*j - 8219004 = 12490*j. List the prime factors of j.
3, 97, 307
Suppose 50178 + 25338 = 31*j. Suppose 14*n = 10*n + j. What are the prime factors of n?
3, 7, 29
Suppose -31*l = -5*l - 52988. Suppose 29*h - 27*h + l = 3*d, 5*d - h - 3385 = 0. What are the prime factors of d?
2, 13
Suppose 332*c = 331*c + 9131. List the prime factors of c.
23, 397
Suppose -3*o - 61 - 83 = 0. Let s be 234/o + (-4)/32. What are the prime factors of (-10)/s*(-1 - 242/(-4))?
7, 17
Let y = 297 + -296. List the prime factors of y + -6*(416/(-3))/8.
3, 5, 7
Let u(a) = a**3 + 6*a + 17. Let h be (6*3/(-8))/((-180)/720). List the prime factors of u(h).
2, 5
Let w(o) be the third derivative of o**4/6 + 31*o**3/6 - 10*o**2. Let y be w(-7). Suppose 4*u + 337 = 3*i, 0*i + 329 = y*i - 2*u. List the prime factors of i.
107
Suppose l = -n + 4564, -4*l = 5*n - 13030 - 9795. List the prime factors of n.
3, 1523
Let c be ((-1)/(2/(-12)))/(-2 - -4). Suppose c*z = -2*z + 4*w + 1742, -5*z + 1748 = -w. What are the prime factors of z?
2, 5, 7
Let x be ((-3)/1 + 3 + -1)*-8. Suppose -9*u + 845 = -x*u. What are the prime factors of u?
5, 13
Suppose 12 = -13*b + 16*b, -2*h + 20552 = 5*b. What are the prime factors of h?
2, 3, 29, 59
Suppose -s - k + 2599 = 0, -4*s - 5*k = -3*s - 2623. What are the prime factors of s?
2593
Let i be 4/1*5/20*55. Let q = 129 + i. Suppose 4*o - 12*o + q = 0. List the prime factors of o.
23
Suppose 0 = -3*x - 2*s + 898, -4*x = -4*s - 325 - 859. Let c be x - (-12)/3 - -4. Let l = 464 - c. What are the prime factors of l?
2, 79
Let c(k) = 8*k**3 + 16*k**2 - 6*k - 6. Let q(h) = 9*h**3 + 18*h**2 - 7*h - 6. Let l(w) = 6*c(w) - 5*q(w). List the prime factors of l(4).
2, 139
Suppose -825*d + 826*d = -3*z + 3401, 3*d - 4*z = 10320. What are the prime factors of d?
2, 857
Let s = -193 + 229. Suppose 32*v - s*v + 1592 = 0. What are the prime factors of v?
2, 199
Suppose 64*n + 323981 - 1051271 - 1574086 = 0. List the prime factors of n.
7, 11, 467
Let h be -363 + 2 + 3 + -1. Let r = h + 614. What are the prime factors of r?
3, 5, 17
Suppose 2*n - 9 = 55. Let y be (-132)/28 - -5 - (-47)/7. Let t = y + n. What are the prime factors of t?
3, 13
Suppose 100296 = 3*y - 5*g, 3*y - 2*g - 40995 = 59319. What are the prime factors of y?
2, 23, 727
List the prime factors of (-172)/1376 + (-135921)/(-8).
2, 5, 1699
Suppose -4424 = -4*n - 1520. Suppose n = 4*j + 7*j. What are the prime factors of j?
2, 3, 11
Let h = -22 + 9. Let t(k) be the third derivative of k**5/30 + 3*k**4/4 - 2*k**3/3 + 7*k**2. What are the prime factors of t(h)?
2, 5
Let d(r) be the second derivative of r**5/20 + 19*r**4/12 + 13*r**3/6 - r**2 - r. Let z = 335 + -353. What are the prime factors of d(z)?
2, 11
Let l(q) = q**3 - 2*q**2 - 7*q + 5. Let v be l(4). Let w = 97 + -94. Suppose w*k = v*k - 630. What are the prime factors of k?
3, 5, 7
Let f(v) = -v**2 - 3*v + 25. Let n be f(4). What are the prime factors of (-1)/((-1608)/1606 + 4 + n)?
11, 73
Suppose -12*u + 625 = -539. Suppose -u + 929 = 2*d. Suppose -4*q + d = -128. List the prime factors of q.
2, 17
Suppose -n - 5*j = 4105 - 20317, -4*j + 80934 = 5*n. What are the prime factors of n?
2, 3, 29, 31
Let m = 34390 - 9480. What are the prime factors of m?
2, 5, 47, 53
Let g = -177 + 977. List the prime factors of g.
2, 5
Suppose -50*o = -26*o - 27*o + 40437. List the prime factors of o.
3, 4493
Let v(n) = 5*n**2 + 44*n - 80. Let w be v(-23). Suppose 2336 = -4*b + 7*b + 2*q, 2*b - 3*q - w = 0. List the prime factors of b.
2, 389
Let u = 167 + -189. List the prime factors of (120/7 + u/154)*23.
17, 23
Let c = 166 + -163. Let y(m) = 4*m**2 + 1. Let g be y(-1). Suppose -3*o = c*r - 291, 2*r + g*o - 112 - 91 = 0. List the prime factors of r.
2, 47
Let w be (0 - -1)*(-12)/(-4). Suppose 2*r - 8*f + w*f - 1000 = 0